 u be 36/(-8)*(-4)/6 - 0. Let y(v) be the third derivative of 1/2*v**u + 0 - 5/24*v**4 - 2*v**2 - 1/60*v**5 + 0*v. Determine y(-5).
3
Let d(m) = -m**3 + 7*m**2 - 3*m - 4. Suppose -13*l + 9*l + 24 = 0. Calculate d(l).
14
Let h(r) be the third derivative of 0*r - 1/10*r**5 + 0 + 7/6*r**3 - 3*r**2 + 1/120*r**6 + 1/6*r**4. What is h(5)?
2
Let f be (-2)/(-4)*2*0. Let a(l) = -2 + l + f + 2. Give a(-5).
-5
Let g be 20/(-8)*(0 - 2). Let v(u) = -7*u**3 + 3*u**2 - 11*u - 7. Let y(o) = 3*o**3 - 2*o**2 + 5*o + 3. Let b(f) = g*y(f) + 2*v(f). Give b(3).
1
Let u(h) = 3*h + 10. Let t(n) = -n - 5. Let g(i) = 5*t(i) + 2*u(i). What is g(-5)?
-10
Let x(l) = 1 + 4*l + l**2 + 2*l - 4*l - 7*l. Determine x(3).
-5
Let a be 0/(0 - -2 - 4). Let m = a - 1. Let l(h) be the third derivative of -2*h**5/15 + 28*h**2. What is l(m)?
-8
Suppose 7*b - 2 = 33. Let m(o) = o**3 - 6*o**2 + 3*o + 4. Calculate m(b).
-6
Let l(u) = 2*u**2 - 2*u + 16. Let j be 1*(-1 + 12) - -2. Let v(p) = -p**2 + p - 8. Let c(z) = j*v(z) + 6*l(z). Let s(f) = f**2 + 6*f. Let q be s(-6). Give c(q).
-8
Let l be (2/(-4))/(2/(-28)). Suppose -6*a - 5 = -l*a. Suppose -a = 2*h - h. Let f(q) = q**2 + 7*q + 7. Give f(h).
-3
Let z(j) = 9*j**2 - 2*j. Let h(a) = 1. Let d(w) = -h(w) - z(w). Suppose 0*c - 5*c + 5 = 0. Determine d(c).
-8
Suppose -13*j = -8*j + 2*k - 61, 2*k + 16 = 2*j. Let x(y) = y**2 - 11*y - 8. Give x(j).
-8
Let k = 4 - 1. Suppose 2*b + 3 = -4*a + k*a, -2*a + 15 = -3*b. Let i(l) be the third derivative of -l**4/8 + l**3/6 - 6*l**2 - 4*l. Calculate i(a).
-8
Let w(q) = -31*q - 13 + 11*q + 19*q. Give w(-7).
-6
Let f(v) = -v**2 + 7*v - 6. Let m(t) = -1. Let n(i) = f(i) + m(i). What is n(7)?
-7
Let m(j) = j - 10 + 7*j**2 + j**2 - 3*j**2 - 6*j**2. Calculate m(0).
-10
Let t = 14 + -9. Suppose -3*d + 1 + t = 0. Let u(h) = -h**2 + 3*h - 1. Calculate u(d).
1
Suppose 3 = 3*p - 4*p. Let a = p - -5. Let g(l) = 6*l**a + 0*l + 0*l**3 + l**3 + 5*l. Give g(-5).
0
Let p be 30/(-7) - (-4)/14. Suppose 0 = -3*x + 2*x + 4. Let i(t) = 0*t - t**3 + x*t + 4 - 3*t - 4*t**2. Determine i(p).
0
Let n(x) = -x**2 - 4*x - 6. Let w(r) = -r**3 + 2*r - 4*r - r**2 - 1 - 3*r**2. Suppose 3*s + 5*v = -34, s + 4 = v + 6. Let u be w(s). Calculate n(u).
-6
Suppose -2*k = 4*s + 2, -5*s - 3 = 5*k - 8. Suppose -17 = -k*d + 22. Let g(j) = 4 - d + 8 - j. What is g(3)?
-4
Let l(u) = u**2 - 3*u - 4. Let t be l(4). Suppose a = -t*a - 5. Let q(v) be the second derivative of v**3/6 - v**2/2 - v. Calculate q(a).
-6
Let f be -4 + 1/(-1) + 2. Suppose -n - 2 = -5. Let u(t) = t**3 + 3*t**2 + t + 1. Let j(i) = -i**3 - 3*i**2 - i - 2. Let l(w) = n*j(w) + 2*u(w). What is l(f)?
-1
Suppose t + 3 = 3*t - 3*l, -5*l - 7 = -4*t. Suppose -h + t = -0*h. Let y(o) be the second derivative of o**5/20 - o**4/6 - o**3/6 - o**2/2 - o. Calculate y(h).
5
Suppose -4*l + 14 = -2*l. Suppose l = 2*k - 1. Let h(r) = r**2 - 6*r + 2. Give h(k).
-6
Let g be (-2)/(-3) + 22/(-6). Let i(k) be the first derivative of -3/2*k**2 - 3*k + 4. Calculate i(g).
6
Let y(q) = -q**3 - 6*q**2 - q - 3. Let i be 16/(-12)*18/4. Let x be y(i). Suppose 5*z + 7 = -2*h, -x*h + 4*z = -1 - 23. Let s(c) = c**2 - 3*c + 2. What is s(h)?
6
Let t(b) = b + 4. Let q be (0/2)/(5 + -7). Suppose 5*a + 0 = 4*w - 9, q = -3*a + w - 11. What is t(a)?
-1
Let j(a) = -a**2 - a + 1. Let l(q) = q**2 - 1. Let z(u) = 3*j(u) + 5*l(u). Calculate z(-2).
12
Suppose 18*q - 24*q = 0. Let z(a) = a**2 - a + 1. Give z(q).
1
Let y(p) = p + 4. Let i(u) = 3*u + 12. Let f(k) = -4*i(k) + 11*y(k). Let x = 11 - 7. Give f(x).
-8
Let z(h) = -8*h - 8*h + 21*h - 4. Calculate z(3).
11
Let n = 28 - 24. Let b = 3 - -2. Let c(s) = -s**3 + s + 0 + 3*s + 3*s**2 + b. Give c(n).
5
Let d(g) be the third derivative of -g**4/6 + g**3/6 - 9*g**2. Determine d(1).
-3
Let a(w) = -w**3 + 3*w**2 + 2*w. Suppose -5*t + 4*d + 7 + 0 = 0, 2*d = 3*t - 5. Let c be 10/t - 2/6. Give a(c).
6
Let m(d) = 3*d**3 + 4*d**2 - 4*d - 6. Let j(q) = q**3 + q**2 - q. Let v(s) = -4*j(s) + m(s). Let c = -1 - -1. Determine v(c).
-6
Let b(f) = 4*f. Let q(u) = u**2 + 10*u + 4. Let w be q(-9). Let h(a) = a + 3. Let o be h(w). Give b(o).
-8
Let x(b) = b**3 - 5*b**2 + 4. Let p(k) = k + 1. Let g be p(4). Calculate x(g).
4
Let s be (-2)/4 + 6/4. Let i be s/(-2) + (-36)/(-8). Suppose 3*p = 2*r + 8, i*r - 5*p + 0*p = -16. Let b(f) = -2*f - 1. Give b(r).
7
Let s(g) be the third derivative of -4*g**2 + 1/8*g**4 + 1/120*g**6 + 0*g - 1/3*g**3 + 0 - 1/20*g**5. Determine s(2).
0
Let h(s) = 13 - 3*s**2 - 13 + 2*s - s. Give h(1).
-2
Let m = 7 + -4. Let o(z) = -z**2 + 5*z + 8. Let s be o(6). Let k(v) = s*v**2 + 0*v**2 + v + 2 - v**3 + 1. What is k(m)?
-3
Let p(m) = m**3 + 2*m + 4. Let b(r) = -r**3 - 3*r - 5. Let y(q) = -3*b(q) - 4*p(q). Determine y(1).
-1
Suppose 3*p - 7 = -25. Let t(y) = y**2 + 6*y - 7. Determine t(p).
-7
Let d(l) = l**3 + 9. Let z(r) = -r**3 + r**2 - r - 10. Let h(x) = 7*d(x) + 6*z(x). Let c be h(-7). Let g = c + -1. Let k(w) = -w - 5. What is k(g)?
0
Let n(p) = -3*p**2 - 4*p - 7. Suppose 2*t - 10 = -0*t. Let c(r) = -3*r**2 - 3*r - 6. Let a(y) = t*n(y) - 6*c(y). Give a(2).
9
Let h(o) = -15 + 5*o + 12 - o. Determine h(2).
5
Let v be (-14)/35 - (-117)/5. Let c(a) = 0 - 8 - v*a + 22*a. Determine c(0).
-8
Let x(d) = -5*d**2 + 5*d + 0*d**2 - 5 + 4 - 3*d**3 + 4*d**3. Suppose -3*f + 2 = -5*j, -3*j + j - 16 = -5*f. Calculate x(f).
3
Let h(g) = -5 + 1 + 2 + 2*g - g. Give h(0).
-2
Let u(b) = -b + 1. Let t be -4 - 7/(14/(-16)). Suppose -5*w - 16 = -3*v, -2*w - 7*v + 3*v + t = 0. Determine u(w).
3
Let k(o) = -o + 3. Let l be k(5). Let g = -3 - l. Let y(m) = -2*m**3 + m - 3. Let i(w) = 3*w**3 + w**2 - w + 4. Let b(f) = -3*i(f) - 4*y(f). What is b(g)?
-1
Let i(l) = 2*l + 1. Let j(o) = -2*o. Let x(r) = -3*i(r) - 2*j(r). Let g be 2/(-5) - (-17)/5. Determine x(g).
-9
Let n(v) = -v**3 + v**2 - v. Let q = -33 + 35. Determine n(q).
-6
Let g(b) = -3*b**3 + 6*b**2 + 4*b - 5. Let u(k) = -13*k**3 + 24*k**2 + 17*k - 19. Let m(l) = 9*g(l) - 2*u(l). Let d = -16 - 0. Let p = d - -22. Calculate m(p).
5
Let j(p) = -p**2 + 8*p - 1. Let r be j(7). Let c = 5 - r. Let z(n) = 15*n**3 + n**2 - 1. Determine z(c).
-15
Let a(n) = n**3 + 3*n**2 + 2*n + 2. Let g(z) = 2*z**2 - z + 4. Let q be g(-3). Suppose 4*s + q = 3*f, 0 = 3*f - s - s - 17. Let t be (-2)/(-9)*f*-3. Give a(t).
2
Let t(c) = -5*c**2 - 1. Let s be (-8)/(-2) - (8 + -5). What is t(s)?
-6
Let y(l) = l**2 - l + 8. Let z = -34 + 34. Determine y(z).
8
Suppose g - 5*f + 0 = 26, 0 = -g + 3*f + 18. Let k(s) = 2*s + 1. What is k(g)?
13
Suppose -4*z - 2 = 14. Let s be ((-3)/z)/((-2)/(-8)). Let t(j) = 4 - 4*j**3 + 5*j**s + 4*j + 3*j**2 - 9*j**2. Give t(5).
-1
Let n be (3 + -3)*(-1)/2. Suppose 0 = -n*f + 5*f - 15. Let g(j) = -4*j**f + 10*j**3 + 4*j - 5*j. What is g(-1)?
-5
Let p(y) = y + 0 + 6*y - 6*y - 2. Calculate p(3).
1
Suppose -3*f - 5*j - 28 = 0, -18 = 4*f - 0*j - 3*j. Let c(k) = -8 + 3 - 99*k**2 + 7*k + 100*k**2. Calculate c(f).
-11
Suppose 2*b - u = 6, 2*b + 4*u + 16 = 2. Let k = b + 0. Let t(w) = 14*w**2. Give t(k).
14
Let k(p) = 2*p + 1. Suppose 0 = 3*w - 10*w + 7. Let n(s) = 4*s**2. Let t be n(w). What is k(t)?
9
Let h(x) = -2*x**3 - 13*x**2 - 3*x - 9. Let d(o) = o**3 + 6*o**2 + o + 4. Let s(b) = -9*d(b) - 4*h(b). Give s(-3).
0
Let o(z) = -z - 10. Suppose p = 4*l + 30, -3 = -l - 5*p - 0. Determine o(l).
-3
Let k(i) be the first derivative of -i**2 + 4*i + 4. What is k(3)?
-2
Let t(b) = 3*b + 2. Let n = -11 - -10. Let x = n + -3. Determine t(x).
-10
Let l(q) = 23*q**3 + 9*q**2 + 4*q + 7. Let b(j) = 11*j**3 + 4*j**2 + 2*j + 3. Let y(p) = 9*b(p) - 4*l(p). Give y(1).
8
Let l(t) be the second derivative of 5*t**4/12 + t**3/3 + t**2/2 + 11*t. Calculate l(-1).
4
Let g(h) = 10*h + 7. Let c(f) = -9*f - 6. Let a be 4 + 3/(0 - -3). Let u(o) = a*g(o) + 6*c(o). Give u(2).
-9
Let n(g) = 5*g**2 + 3*g + 5. Let r(c) = 1 - 11*c**2 - 8*c - 17 - 3*c**2. Let y(m) = -11*n(m) - 4*r(m). What is y(0)?
9
Let l(i) = 2*i + i**2 + 2 - i - i. Let x(n) = -4*n**2 + 6*n + 5*n**2 - 5 + 0*n**2. Let d be x(-7). Calculate l(d).
6
Let q(u) = -u**2 - 2. Let o(j) = -j**2 - 2. Suppose 0*r + 12 = 2*r. Let x(n) = r*q(n) - 5*o(n). Let v = 117 + -115. What is x(v)?
-6
Let u(x) = 10 - 13*x + 14*x - 3. Let j be u(-6). Let o(q) = 4*q**2 + 3*q - 3. Let i(v) = -4*v**2 - 4*v + 4. Let w(a) = -3*i(a) - 4*o(a). W